e?
False
Is 544541 a composite number?
True
Is 358801 prime?
False
Is 5082613 composite?
False
Is 1185631199 a prime number?
True
Is 67375951 composite?
False
Is 6976303 a composite number?
True
Is 5831701 a composite number?
True
Is 324671 prime?
False
Is 28718267 composite?
False
Is 1203589 prime?
False
Is 6972389 prime?
True
Is 2234471 prime?
True
Is 59946283 composite?
False
Is 4439935 a composite number?
True
Is 269497219 a prime number?
False
Is 64931523 a composite number?
True
Is 984813 composite?
True
Is 2780531 a prime number?
False
Is 9121507 prime?
False
Is 11784797 composite?
False
Is 958481 composite?
False
Is 2408501 a prime number?
True
Is 17837783 composite?
False
Is 702269 prime?
True
Is 152708063 a prime number?
False
Is 467517139 a composite number?
False
Is 6229879 a prime number?
False
Is 950671 composite?
False
Is 324826 composite?
True
Is 46817061 a composite number?
True
Is 10723261 composite?
False
Is 405825403 a prime number?
True
Is 1867147 prime?
True
Is 2014321 a prime number?
False
Is 12408302 a composite number?
True
Is 363149 composite?
False
Is 8835745 composite?
True
Is 1144249 a prime number?
True
Is 3942209 a composite number?
False
Is 22230353 prime?
False
Is 50972417 composite?
False
Is 13194859 composite?
False
Is 113921 a composite number?
False
Is 10238159 a composite number?
True
Is 130084363 prime?
False
Is 48647449 a prime number?
True
Is 9514097 prime?
False
Is 76533313 a prime number?
True
Is 662011837 composite?
False
Is 32359343 prime?
True
Is 13233567 composite?
True
Is 411347 composite?
False
Is 263661661 composite?
False
Is 522623 a composite number?
False
Is 14412563 prime?
False
Is 34024097 composite?
False
Is 491619631 a prime number?
True
Is 115398287 prime?
True
Is 106876865 prime?
False
Is 14033749 composite?
True
Is 110411373 prime?
False
Is 31880851 a composite number?
False
Is 2359183 composite?
False
Is 23821799 a composite number?
False
Is 167278249 a prime number?
False
Is 7450797 a composite number?
True
Is 126705533 prime?
False
Is 48202509 a prime number?
False
Is 26600507 prime?
True
Is 301468847 a prime number?
False
Is 6914989 a prime number?
True
Is 6634585 composite?
True
Is 156850991 prime?
False
Is 266463453 a prime number?
False
Is 28293407 prime?
True
Is 2200097 a composite number?
True
Is 959 a composite number?
True
Is 746387 a prime number?
False
Is 6494489 prime?
True
Is 729193 a prime number?
False
Is 84824659 composite?
True
Is 75488243 prime?
True
Is 1734329 composite?
True
Is 136937833 composite?
True
Is 36047111 a composite number?
False
Is 497272661 a prime number?
False
Is 186307 prime?
False
Is 52607507 a composite number?
False
Is 2850161 a prime number?
True
Is 49363 composite?
False
Is 615137 a composite number?
False
Is 587815 a prime number?
False
Is 7904519 a prime number?
False
Is 620935993 a prime number?
True
Is 2937763 a composite number?
True
Is 2710199 a prime number?
False
Is 15328685 composite?
True
Is 8715559 prime?
True
Is 155321 composite?
True
Is 6943429 prime?
False
Is 663235 a composite number?
True
Is 106089377 a composite number?
False
Is 9078499 prime?
False
Is 6644227 a prime number?
True
Is 1374173 a composite number?
False
Is 141751655 composite?
True
Is 2163179 a prime number?
False
Is 62209 prime?
False
Is 2118271 a composite number?
True
Is 40992157 a prime number?
True
Is 2438965 a prime number?
False
Is 10272727 prime?
False
Is 189949829 a composite number?
False
Is 59491543 composite?
False
Is 24605221 composite?
True
Is 41300527 prime?
False
Is 158136841 prime?
True
Is 15078883 a composite number?
False
Is 98987881 a prime number?
True
Is 12649199 prime?
True
Is 7755857 a composite number?
True
Is 15143797 composite?
True
Is 50315269 a prime number?
True
Is 31735417 a prime number?
False
Is 1852427 a prime number?
True
Is 17268709 a composite number?
True
Is 3621577 a prime number?
True
Is 148802957 composite?
False
Is 20547641 a prime number?
False
Is 23765411 a composite number?
True
Is 158074753 a composite number?
False
Is 10380121 a composite number?
False
Is 5440594 composite?
True
Is 143387 a composite number?
False
Is 44314651 prime?
False
Is 54622087 a composite number?
True
Is 10971757 a prime number?
False
Is 264354443 a composite number?
False
Is 933199 a composite number?
False
Is 437191 a prime number?
True
Is 62467787 a prime number?
False
Is 7965527 composite?
False
Is 49925261 composite?
True
Is 1735297 a prime number?
False
Is 20633027 a prime number?
True
Is 4935283 composite?
False
Is 624917401 a composite number?
True
Is 11069879 a composite number?
False
Is 4379657 prime?
False
Is 503592253 prime?
True
Is 148183241 a prime number?
True
Is 311777 a prime number?
False
Is 3867389 a prime number?
True
Is 21441523 a composite number?
False
Is 6590503 prime?
False
Is 2287819 prime?
False
Is 11714798 composite?
True
Is 30616115 composite?
True
Is 446597 a prime number?
True
Is 142262759 composite?
True
Is 346901 a prime number?
False
Is 13052261 a composite number?
False
Is 190337759 a prime number?
False
Is 10963379 composite?
True
Is 11154053 composite?
False
Is 90068009 composite?
False
Is 65140787 a prime number?
False
Is 17289491 composite?
True
Is 14560523 composite?
True
Is 1876019 prime?
True
Is 827147 composite?
False
Is 3014953 prime?
False
Is 75232573 prime?
False
Is 8279101 a prime number?
False
Is 9126787 prime?
True
Is 1609745 composite?
True
Is 1217809 prime?
True
Is 883847 composite?
True
Is 14804549 prime?
False
Is 333111031 a prime number?
False
Is 156246359 prime?
False
Is 1089677 prime?
True
Is 164655637 composite?
False
Is 35206987 composite?
True
Is 30497941 a prime number?
True
Is 457965877 a prime number?
True
Is 1064549 composite?
False
Is 258288439 prime?
True
Is 97992001 composite?
False
Is 43835009 prime?
False
Is 174362101 composite?
True
Is 36167231 a prime number?
True
Is 25512407 composite?
False
Is 2976767 a composite number?
False
Is 25628441 a prime number?
True
Is 5649221 a composite number?
False
Is 874301 a composite number?
False
Is 22954507 composite?
False
Is 7797683 a composite number?
False
Is 4345337 a composite number?
False
Is 44765885 a prime number?
False
Is 9587807 a composite number?
True
Is 3682345 a prime number?
False
Is 207948931 a composite number?
False
Is 455041 prime?
False
Is 18708239 a prime number?
False
Is 2525933 a prime number?
True
Is 11220247 a prime number?
True
Is 52929341 a composite number?
False
Is 6804809 prime?
False
Is 22461067 a composite number?
False
Is 35841911 a composite number?
True
Is 1950527 a composite number?
False
Is 1107991 a prime number?
False
Is 402219667 a prime number?
False
Is 21780361 a composite number?
False
Is 69833893 composite?
False
Is 11437 composite?
False
Is 155070962 a composite number?
True
Is 8558233 a prime number?
True
Is 33600713 a composite number?
False
Is 358332391 a prime number?
True
Is 10307327 composite?
False
Is 7041967 a composite number?
False
Is 3771197 a prime number?
False
Is 274361533 composite?
False
Is 55677211 prime?
False
Is 1301921 a composite number?
False
Is 11107589 prime?
True
Is 2000899 a prime number?
False
Is 757309 a composite number?
True
Is 91803253 prime?
False
Is 38416369 composite?
False
Is 493144961 composite?
False
Is 13030469 prime?
False
Is 10999943 prime?
False
Is 7264759 composite?
False
Is 84274919 a composite number?
False
Is 123383261 a composite number?
True
Is 370093 composite?
True
Is 46402439 a composite number?
True
Is 89140351 composite?
True
Is 75599 prime?
False
Is 1935641 a composite number?
False
Is 1549385 a prime number?
False
Is 2998883 a composite number?
False
Is 20562649 prime?
False
Is 48026973 a prime number?
False
Is 20149439 a composite number?
True
Is 72718787 a prime number?
True
Is 7648903 prime?
False
Is 797626 a composite number?
True
Is 1241477 a composite number?
False
Is 122610473 composite?
True
Is 6661289 composite?
True
Is 76001023 a composite number?
True
Is 126557939 a composite number?
True
Is 115433257 composite?
True
Is 1626739 a composite number?
False
Is 1502801 a prime number?
True
Is 3776863 composite?
False
Is 5842259 a composite number?
True
Is 67609499 a composite number?
True
Is 353489 a composite number?
False
Is